{"id":1696,"date":"2025-02-28T16:39:10","date_gmt":"2025-02-28T15:39:10","guid":{"rendered":"https:\/\/www.ev-now.org\/?page_id=1696"},"modified":"2025-02-28T16:39:12","modified_gmt":"2025-02-28T15:39:12","slug":"ev-party-2-edition-rimini-05-marzo-2025","status":"publish","type":"page","link":"https:\/\/www.ev-now.org\/index.php\/ev-party-2-edition-rimini-05-marzo-2025\/","title":{"rendered":"eV-Party! 2\u00b0 Edition @ Rimini &#8211; 05 marzo 2025"},"content":{"rendered":"\n<h1 class=\"wp-block-heading has-text-align-center\">eV-Party 2025 by eV-Now! feat Retrokit <\/h1>\n\n\n\n<h2 class=\"wp-block-heading has-text-align-center\">Rimini, 05 marzo 2023 || Naked &#8211; Concept Bar<\/h2>\n\n\n\n<div style=\"height:20px\" aria-hidden=\"true\" class=\"wp-block-spacer\"><\/div>\n\n\n\n<h5 class=\"wp-block-heading has-text-align-center\">L&#8217;appuntamento B2B per il networking di alto livello<\/h5>\n\n\n\n<div style=\"height:58px\" aria-hidden=\"true\" class=\"wp-block-spacer\"><\/div>\n\n\n\n<div class=\"wp-block-columns is-layout-flex wp-container-2\">\n<div class=\"wp-block-column is-layout-flow\"><div class=\"wp-block-image\">\n<figure class=\"aligncenter size-large\"><img decoding=\"async\" loading=\"lazy\" width=\"1024\" height=\"576\" src=\"https:\/\/i0.wp.com\/www.ev-now.org\/wp-content\/uploads\/2025\/02\/Progetto-senza-titolo.jpg?resize=1024%2C576&#038;ssl=1\" alt=\"\" class=\"wp-image-1708\" srcset=\"https:\/\/i0.wp.com\/www.ev-now.org\/wp-content\/uploads\/2025\/02\/Progetto-senza-titolo.jpg?resize=1024%2C576&amp;ssl=1 1024w, https:\/\/i0.wp.com\/www.ev-now.org\/wp-content\/uploads\/2025\/02\/Progetto-senza-titolo.jpg?resize=300%2C169&amp;ssl=1 300w, https:\/\/i0.wp.com\/www.ev-now.org\/wp-content\/uploads\/2025\/02\/Progetto-senza-titolo.jpg?resize=768%2C432&amp;ssl=1 768w, https:\/\/i0.wp.com\/www.ev-now.org\/wp-content\/uploads\/2025\/02\/Progetto-senza-titolo.jpg?resize=1536%2C864&amp;ssl=1 1536w, https:\/\/i0.wp.com\/www.ev-now.org\/wp-content\/uploads\/2025\/02\/Progetto-senza-titolo.jpg?resize=533%2C300&amp;ssl=1 533w, https:\/\/i0.wp.com\/www.ev-now.org\/wp-content\/uploads\/2025\/02\/Progetto-senza-titolo.jpg?resize=600%2C338&amp;ssl=1 600w, https:\/\/i0.wp.com\/www.ev-now.org\/wp-content\/uploads\/2025\/02\/Progetto-senza-titolo.jpg?w=1920&amp;ssl=1 1920w\" sizes=\"(max-width: 1024px) 100vw, 1024px\" data-recalc-dims=\"1\" \/><\/figure><\/div><\/div>\n<\/div>\n\n\n\n<h2 class=\"wp-block-heading has-text-align-center\"><strong>eV-Now!<\/strong> presenta la seconda edizione di eV-Party!<\/h2>\n\n\n\n<h4 class=\"wp-block-heading has-text-align-center\">l&#8217;evento di networking dedicato alla mobilit\u00e0 elettrica organizzato da eV-Now! in collaborazione con Retrokit<\/h4>\n\n\n\n<div style=\"height:20px\" aria-hidden=\"true\" class=\"wp-block-spacer\"><\/div>\n\n\n\n<p style=\"font-size:20px\">Un\u2019occasione unica per incontrare i principali <strong>stakeholder del settore<\/strong>, creare nuove connessioni e confrontarsi sulle ultime novit\u00e0 del mondo elettrico. Ma non solo: eV-Party! non \u00e8 solo networking e business, \u00e8 anche <strong>divertimento<\/strong>, perch\u00e9 durante il KEY ci si incontra, si discute e si festeggia insieme.<\/p>\n\n\n\n<p style=\"font-size:20px\">Ad attenderci ci sar\u00e0 un buffet caldo, un cocktail fresco, ottima musica e soprattutto una \u201crete elettrica\u201d di altissima qualit\u00e0.<\/p>\n\n\n\n<h5 class=\"wp-block-heading has-text-align-center\">Evento su invito a numero chiuso<\/h5>\n\n\n\n<p><strong>\u00a0 <\/strong><\/p>\n\n\n\n<div style=\"height:20px\" aria-hidden=\"true\" class=\"wp-block-spacer\"><\/div>\n\n\n\n<hr class=\"wp-block-separator has-css-opacity is-style-dots\"\/>\n\n\n\n<div class=\"wp-block-group is-vertical is-content-justification-center is-layout-flex wp-container-3\">\n<h2 class=\"wp-block-heading has-text-align-center\">Sei interessato a partecipare?<\/h2>\n\n\n\n<div style=\"height:20px\" aria-hidden=\"true\" class=\"wp-block-spacer\"><\/div>\n\n\n\n<a href=\"mailto:federica.musto@ev-now.org,daniele.invernizzi@ev-now.org?subject=Richiesta%20di%20partecipazione%20eV-Party!%202025&#038;body=Ciao,%20vorrei%20ricevere%20maggiori%20informazioni.\" class=\"email-button\">\n    SCRIVICI!\n<\/a>\n\n<style>\n.email-button {\n    display: inline-block;\n    padding: 12px 24px;\n    font-size: 16px;\n    font-weight: bold;\n    color: #fff;\n    background-color: #0F8B8D;\n    border: none;\n    border-radius: 5px;\n    text-decoration: none;\n    text-align: center;\n    transition: background-color 0.3s ease;\n}\n\n.email-button:hover {\n    background-color: #0D7373;\n}\n<\/style>\n\n<\/div>\n\n\n\n<div style=\"height:20px\" aria-hidden=\"true\" class=\"wp-block-spacer\"><\/div>\n","protected":false},"excerpt":{"rendered":"<p>eV-Party 2025 by eV-Now! feat Retrokit Rimini, 05 marzo 2023 || Naked &#8211; Concept Bar L&#8217;appuntamento B2B per il networking di alto livello eV-Now! presenta &hellip;<\/p>\n","protected":false},"author":2,"featured_media":1707,"parent":0,"menu_order":0,"comment_status":"closed","ping_status":"closed","template":"","meta":[],"jetpack_sharing_enabled":true,"_links":{"self":[{"href":"https:\/\/www.ev-now.org\/index.php\/wp-json\/wp\/v2\/pages\/1696"}],"collection":[{"href":"https:\/\/www.ev-now.org\/index.php\/wp-json\/wp\/v2\/pages"}],"about":[{"href":"https:\/\/www.ev-now.org\/index.php\/wp-json\/wp\/v2\/types\/page"}],"author":[{"embeddable":true,"href":"https:\/\/www.ev-now.org\/index.php\/wp-json\/wp\/v2\/users\/2"}],"replies":[{"embeddable":true,"href":"https:\/\/www.ev-now.org\/index.php\/wp-json\/wp\/v2\/comments?post=1696"}],"version-history":[{"count":13,"href":"https:\/\/www.ev-now.org\/index.php\/wp-json\/wp\/v2\/pages\/1696\/revisions"}],"predecessor-version":[{"id":1711,"href":"https:\/\/www.ev-now.org\/index.php\/wp-json\/wp\/v2\/pages\/1696\/revisions\/1711"}],"wp:featuredmedia":[{"embeddable":true,"href":"https:\/\/www.ev-now.org\/index.php\/wp-json\/wp\/v2\/media\/1707"}],"wp:attachment":[{"href":"https:\/\/www.ev-now.org\/index.php\/wp-json\/wp\/v2\/media?parent=1696"}],"curies":[{"name":"wp","href":"https:\/\/api.w.org\/{rel}","templated":true}]}}